[INFO] fetching crate stratisd 3.5.5...
[INFO] checking stratisd-3.5.5 against master#e6e4f7ed1589e03bc2f6c5931c1a72e7947e8682 for beta-170-4
[INFO] extracting crate stratisd 3.5.5 into /workspace/builds/worker-5-tc2/source
[INFO] validating manifest of crates.io crate stratisd 3.5.5 on toolchain e6e4f7ed1589e03bc2f6c5931c1a72e7947e8682
[INFO] running `Command { std: CARGO_HOME="/workspace/cargo-home" RUSTUP_HOME="/workspace/rustup-home" "/workspace/cargo-home/bin/cargo" "+e6e4f7ed1589e03bc2f6c5931c1a72e7947e8682" "metadata" "--manifest-path" "Cargo.toml" "--no-deps", kill_on_drop: false }`
[INFO] started tweaking crates.io crate stratisd 3.5.5
[INFO] finished tweaking crates.io crate stratisd 3.5.5
[INFO] tweaked toml for crates.io crate stratisd 3.5.5 written to /workspace/builds/worker-5-tc2/source/Cargo.toml
[INFO] crate crates.io crate stratisd 3.5.5 already has a lockfile, it will not be regenerated
[INFO] running `Command { std: CARGO_HOME="/workspace/cargo-home" RUSTUP_HOME="/workspace/rustup-home" "/workspace/cargo-home/bin/cargo" "+e6e4f7ed1589e03bc2f6c5931c1a72e7947e8682" "fetch" "--manifest-path" "Cargo.toml", kill_on_drop: false }`
[INFO] running `Command { std: "docker" "create" "-v" "/var/lib/crater-agent-workspace/builds/worker-5-tc2/target:/opt/rustwide/target:rw,Z" "-v" "/var/lib/crater-agent-workspace/builds/worker-5-tc2/source:/opt/rustwide/workdir:ro,Z" "-v" "/var/lib/crater-agent-workspace/cargo-home:/opt/rustwide/cargo-home:ro,Z" "-v" "/var/lib/crater-agent-workspace/rustup-home:/opt/rustwide/rustup-home:ro,Z" "-e" "SOURCE_DIR=/opt/rustwide/workdir" "-e" "CARGO_TARGET_DIR=/opt/rustwide/target" "-e" "CARGO_HOME=/opt/rustwide/cargo-home" "-e" "RUSTUP_HOME=/opt/rustwide/rustup-home" "-w" "/opt/rustwide/workdir" "-m" "1610612736" "--user" "0:0" "--network" "none" "ghcr.io/rust-lang/crates-build-env/linux@sha256:19e73879b68f455e41552ea35293514db52ea292d993f571636dbffedb77a1ee" "/opt/rustwide/cargo-home/bin/cargo" "+e6e4f7ed1589e03bc2f6c5931c1a72e7947e8682" "metadata" "--no-deps" "--format-version=1", kill_on_drop: false }`
[INFO] [stdout] 6f86af5e6f0dcb82b8c48de3036b468039360c0fc8f233411719bc35a60d92ff
[INFO] running `Command { std: "docker" "start" "-a" "6f86af5e6f0dcb82b8c48de3036b468039360c0fc8f233411719bc35a60d92ff", kill_on_drop: false }`
[INFO] running `Command { std: "docker" "inspect" "6f86af5e6f0dcb82b8c48de3036b468039360c0fc8f233411719bc35a60d92ff", kill_on_drop: false }`
[INFO] running `Command { std: "docker" "rm" "-f" "6f86af5e6f0dcb82b8c48de3036b468039360c0fc8f233411719bc35a60d92ff", kill_on_drop: false }`
[INFO] [stdout] 6f86af5e6f0dcb82b8c48de3036b468039360c0fc8f233411719bc35a60d92ff
[INFO] running `Command { std: "docker" "create" "-v" "/var/lib/crater-agent-workspace/builds/worker-5-tc2/target:/opt/rustwide/target:rw,Z" "-v" "/var/lib/crater-agent-workspace/builds/worker-5-tc2/source:/opt/rustwide/workdir:ro,Z" "-v" "/var/lib/crater-agent-workspace/cargo-home:/opt/rustwide/cargo-home:ro,Z" "-v" "/var/lib/crater-agent-workspace/rustup-home:/opt/rustwide/rustup-home:ro,Z" "-e" "SOURCE_DIR=/opt/rustwide/workdir" "-e" "CARGO_TARGET_DIR=/opt/rustwide/target" "-e" "CARGO_INCREMENTAL=0" "-e" "RUST_BACKTRACE=full" "-e" "RUSTFLAGS=--cap-lints=forbid" "-e" "RUSTDOCFLAGS=--cap-lints=forbid" "-e" "CARGO_HOME=/opt/rustwide/cargo-home" "-e" "RUSTUP_HOME=/opt/rustwide/rustup-home" "-w" "/opt/rustwide/workdir" "-m" "1610612736" "--user" "0:0" "--network" "none" "ghcr.io/rust-lang/crates-build-env/linux@sha256:19e73879b68f455e41552ea35293514db52ea292d993f571636dbffedb77a1ee" "/opt/rustwide/cargo-home/bin/cargo" "+e6e4f7ed1589e03bc2f6c5931c1a72e7947e8682" "check" "--frozen" "--all" "--all-targets" "--message-format=json", kill_on_drop: false }`
[INFO] [stdout] 92bd8a9d4e9171bfba2372e220e25b4b1c21b82ab816fb2bab2462a46b3e025d
[INFO] running `Command { std: "docker" "start" "-a" "92bd8a9d4e9171bfba2372e220e25b4b1c21b82ab816fb2bab2462a46b3e025d", kill_on_drop: false }`
[INFO] [stderr]    Compiling proc-macro2 v1.0.57
[INFO] [stderr]    Compiling unicode-ident v1.0.8
[INFO] [stderr]    Compiling glob v0.3.1
[INFO] [stderr]    Compiling memchr v2.5.0
[INFO] [stderr]    Compiling cfg-if v1.0.0
[INFO] [stderr]    Compiling minimal-lexical v0.2.1
[INFO] [stderr]    Compiling bitflags v1.3.2
[INFO] [stderr]    Compiling regex-syntax v0.7.1
[INFO] [stderr]    Compiling lazycell v1.3.0
[INFO] [stderr]    Compiling shlex v1.1.0
[INFO] [stderr]    Compiling peeking_take_while v0.1.2
[INFO] [stderr]    Compiling rustc-hash v1.1.0
[INFO] [stderr]    Compiling libc v0.2.144
[INFO] [stderr]    Compiling lazy_static v1.4.0
[INFO] [stderr]    Compiling syn v1.0.109
[INFO] [stderr]    Compiling bindgen v0.63.0
[INFO] [stderr]    Compiling libloading v0.7.4
[INFO] [stderr]    Compiling io-lifetimes v1.0.10
[INFO] [stderr]    Compiling semver v1.0.17
[INFO] [stderr]    Compiling rustix v0.37.19
[INFO] [stderr]    Compiling memoffset v0.7.1
[INFO] [stderr]     Checking linux-raw-sys v0.3.7
[INFO] [stderr]    Compiling num-traits v0.2.15
[INFO] [stderr]    Compiling futures-core v0.3.28
[INFO] [stderr]    Compiling version_check v0.9.4
[INFO] [stderr]    Compiling futures-channel v0.3.28
[INFO] [stderr]    Compiling futures-util v0.3.28
[INFO] [stderr]     Checking futures-sink v0.3.28
[INFO] [stderr]    Compiling log v0.4.17
[INFO] [stderr]    Compiling clang-sys v1.6.1
[INFO] [stderr]    Compiling pin-utils v0.1.0
[INFO] [stderr]     Checking either v1.8.1
[INFO] [stderr]    Compiling generic-array v0.14.7
[INFO] [stderr]    Compiling static_assertions v1.1.0
[INFO] [stderr]     Checking rand_chacha v0.3.1
[INFO] [stderr]    Compiling libdbus-sys v0.2.5
[INFO] [stderr]     Checking utf8parse v0.2.1
[INFO] [stderr]     Checking anstyle-parse v0.2.0
[INFO] [stderr]    Compiling libudev-sys v0.1.4
[INFO] [stderr]    Compiling nom v7.1.3
[INFO] [stderr]    Compiling quote v1.0.27
[INFO] [stderr]     Checking rand v0.8.5
[INFO] [stderr]     Checking fastrand v1.9.0
[INFO] [stderr]     Checking colorchoice v1.0.0
[INFO] [stderr]     Checking quick-error v1.2.3
[INFO] [stderr]    Compiling nix v0.14.1
[INFO] [stderr]     Checking anstyle-query v1.0.0
[INFO] [stderr]    Compiling syn v2.0.16
[INFO] [stderr]     Checking nix v0.26.2
[INFO] [stderr]    Compiling libcryptsetup-rs v0.7.0
[INFO] [stderr]     Checking itertools v0.10.5
[INFO] [stderr]     Checking uuid v1.3.3
[INFO] [stderr]    Compiling tokio v1.28.1
[INFO] [stderr]     Checking humantime v2.1.0
[INFO] [stderr]    Compiling async-trait v0.1.68
[INFO] [stderr]     Checking clap_lex v0.4.1
[INFO] [stderr]     Checking termcolor v1.2.0
[INFO] [stderr]     Checking crypto-common v0.1.6
[INFO] [stderr]     Checking block-buffer v0.10.4
[INFO] [stderr]     Checking strsim v0.10.0
[INFO] [stderr]    Compiling bindgen v0.59.2
[INFO] [stderr]     Checking void v1.0.2
[INFO] [stderr]     Checking digest v0.10.6
[INFO] [stderr]     Checking num-integer v0.1.45
[INFO] [stderr]     Checking retry v1.3.1
[INFO] [stderr]     Checking mio v0.8.6
[INFO] [stderr]    Compiling stratisd v3.5.5 (/opt/rustwide/workdir)
[INFO] [stderr]     Checking signal-hook-registry v1.4.1
[INFO] [stderr]     Checking iana-time-zone v0.1.56
[INFO] [stderr]     Checking byteorder v1.4.3
[INFO] [stderr]     Checking crc-catalog v2.2.0
[INFO] [stderr]     Checking cpufeatures v0.2.7
[INFO] [stderr]     Checking crc v3.0.1
[INFO] [stderr]     Checking sha2 v0.10.6
[INFO] [stderr]     Checking chrono v0.4.24
[INFO] [stderr]     Checking libudev v0.3.0
[INFO] [stderr]     Checking wait-timeout v0.2.0
[INFO] [stderr]     Checking predicates-core v1.0.6
[INFO] [stderr]     Checking data-encoding v2.3.3
[INFO] [stderr]     Checking iocuddle v0.1.1
[INFO] [stderr]     Checking float-cmp v0.9.0
[INFO] [stderr]     Checking termtree v0.4.1
[INFO] [stderr]     Checking bit-vec v0.6.3
[INFO] [stderr]     Checking normalize-line-endings v0.3.0
[INFO] [stderr]     Checking difflib v0.4.0
[INFO] [stderr]     Checking regex-automata v0.1.10
[INFO] [stderr]     Checking predicates-tree v1.0.9
[INFO] [stderr]    Compiling regex v1.8.1
[INFO] [stderr]     Checking bit-set v0.5.3
[INFO] [stderr]     Checking rand_xorshift v0.3.0
[INFO] [stderr]     Checking errno v0.2.8
[INFO] [stderr]     Checking regex-syntax v0.6.29
[INFO] [stderr]     Checking unarray v0.1.4
[INFO] [stderr]     Checking bstr v1.4.0
[INFO] [stderr]     Checking quick-error v2.0.1
[INFO] [stderr]     Checking assert_matches v1.5.0
[INFO] [stderr]    Compiling cexpr v0.6.0
[INFO] [stderr]     Checking is-terminal v0.4.7
[INFO] [stderr]     Checking tempfile v3.5.0
[INFO] [stderr]     Checking anstream v0.3.2
[INFO] [stderr]     Checking rusty-fork v0.3.0
[INFO] [stderr]     Checking clap_builder v4.2.7
[INFO] [stderr]     Checking env_logger v0.10.0
[INFO] [stderr]     Checking predicates v3.0.3
[INFO] [stderr]     Checking assert_cmd v2.0.11
[INFO] [stderr]     Checking libmount v0.1.15
[INFO] [stderr]    Compiling futures-macro v0.3.28
[INFO] [stderr]    Compiling tokio-macros v2.1.0
[INFO] [stderr]    Compiling serde_derive v1.0.163
[INFO] [stderr]     Checking proptest v1.1.0
[INFO] [stderr]     Checking clap v4.2.7
[INFO] [stderr]    Compiling stratisd_proc_macros v0.2.0
[INFO] [stderr]    Compiling loopdev v0.4.0
[INFO] [stderr]     Checking futures-executor v0.3.28
[INFO] [stderr]     Checking dbus v0.9.7
[INFO] [stderr]     Checking futures v0.3.28
[INFO] [stderr]    Compiling devicemapper-sys v0.1.5
[INFO] [stderr]    Compiling libcryptsetup-rs-sys v0.2.4
[INFO] [stderr]    Compiling libblkid-rs-sys v0.1.5
[INFO] [stderr]     Checking dbus-tree v0.9.2
[INFO] [stderr]     Checking libblkid-rs v0.3.0
[INFO] [stderr]    Compiling devicemapper v0.33.4
[INFO] [stdout] error[E0583]: file not found for module `tests`
[INFO] [stdout]   --> src/engine/strat_engine/mod.rs:35:1
[INFO] [stdout]    |
[INFO] [stdout] 35 | mod tests;
[INFO] [stdout]    | ^^^^^^^^^^
[INFO] [stdout]    |
[INFO] [stdout]    = help: to create the module `tests`, create file "src/engine/strat_engine/tests.rs" or "src/engine/strat_engine/tests/mod.rs"
[INFO] [stdout] 
[INFO] [stdout] 
[INFO] [stdout] error[E0432]: unresolved imports `crate::engine::strat_engine::tests::crypt`, `crate::engine::strat_engine::tests::loopbacked`, `crate::engine::strat_engine::tests::real`
[INFO] [stdout]     --> src/engine/strat_engine/backstore/backstore.rs:1101:17
[INFO] [stdout]      |
[INFO] [stdout] 1101 |         tests::{crypt, loopbacked, real},
[INFO] [stdout]      |                 ^^^^^  ^^^^^^^^^^  ^^^^ no `real` in `engine::strat_engine::tests`
[INFO] [stdout]      |                 |      |
[INFO] [stdout]      |                 |      no `loopbacked` in `engine::strat_engine::tests`
[INFO] [stdout]      |                 no `crypt` in `engine::strat_engine::tests`
[INFO] [stdout]      |
[INFO] [stdout]      = help: consider importing this module instead:
[INFO] [stdout]              crate::engine::strat_engine::backstore::crypt
[INFO] [stdout] 
[INFO] [stdout] 
[INFO] [stdout] error[E0432]: unresolved imports `crate::engine::strat_engine::tests::crypt`, `crate::engine::strat_engine::tests::loopbacked`, `crate::engine::strat_engine::tests::real`
[INFO] [stdout]    --> src/engine/strat_engine/backstore/blockdevmgr.rs:442:21
[INFO] [stdout]     |
[INFO] [stdout] 442 |             tests::{crypt, loopbacked, real},
[INFO] [stdout]     |                     ^^^^^  ^^^^^^^^^^  ^^^^ no `real` in `engine::strat_engine::tests`
[INFO] [stdout]     |                     |      |
[INFO] [stdout]     |                     |      no `loopbacked` in `engine::strat_engine::tests`
[INFO] [stdout]     |                     no `crypt` in `engine::strat_engine::tests`
[INFO] [stdout]     |
[INFO] [stdout]     = help: consider importing this module instead:
[INFO] [stdout]             crate::engine::strat_engine::backstore::crypt
[INFO] [stdout] 
[INFO] [stdout] 
[INFO] [stdout] error[E0432]: unresolved imports `crate::engine::strat_engine::tests::loopbacked`, `crate::engine::strat_engine::tests::real`
[INFO] [stdout]    --> src/engine/strat_engine/backstore/cache_tier.rs:282:17
[INFO] [stdout]     |
[INFO] [stdout] 282 |         tests::{loopbacked, real},
[INFO] [stdout]     |                 ^^^^^^^^^^  ^^^^ no `real` in `engine::strat_engine::tests`
[INFO] [stdout]     |                 |
[INFO] [stdout]     |                 no `loopbacked` in `engine::strat_engine::tests`
[INFO] [stdout] 
[INFO] [stdout] 
[INFO] [stdout] error[E0432]: unresolved imports `crate::engine::strat_engine::tests::crypt`, `crate::engine::strat_engine::tests::loopbacked`, `crate::engine::strat_engine::tests::real`
[INFO] [stdout]   --> src/engine/strat_engine/backstore/crypt/mod.rs:51:25
[INFO] [stdout]    |
[INFO] [stdout] 51 |                 tests::{crypt, loopbacked, real},
[INFO] [stdout]    |                         ^^^^^  ^^^^^^^^^^  ^^^^ no `real` in `engine::strat_engine::tests`
[INFO] [stdout]    |                         |      |
[INFO] [stdout]    |                         |      no `loopbacked` in `engine::strat_engine::tests`
[INFO] [stdout]    |                         no `crypt` in `engine::strat_engine::tests`
[INFO] [stdout]    |
[INFO] [stdout]    = help: consider importing this module instead:
[INFO] [stdout]            crate::engine::strat_engine::backstore::crypt
[INFO] [stdout] 
[INFO] [stdout] 
[INFO] [stdout] error[E0432]: unresolved imports `crate::engine::strat_engine::tests::loopbacked`, `crate::engine::strat_engine::tests::real`
[INFO] [stdout]    --> src/engine/strat_engine/backstore/data_tier.rs:211:17
[INFO] [stdout]     |
[INFO] [stdout] 211 |         tests::{loopbacked, real},
[INFO] [stdout]     |                 ^^^^^^^^^^  ^^^^ no `real` in `engine::strat_engine::tests`
[INFO] [stdout]     |                 |
[INFO] [stdout]     |                 no `loopbacked` in `engine::strat_engine::tests`
[INFO] [stdout] 
[INFO] [stdout] 
[INFO] [stdout] error[E0432]: unresolved imports `crate::engine::strat_engine::tests::crypt`, `crate::engine::strat_engine::tests::loopbacked`, `crate::engine::strat_engine::tests::real`
[INFO] [stdout]    --> src/engine/strat_engine/backstore/devices.rs:826:21
[INFO] [stdout]     |
[INFO] [stdout] 826 |             tests::{crypt, loopbacked, real},
[INFO] [stdout]     |                     ^^^^^  ^^^^^^^^^^  ^^^^ no `real` in `engine::strat_engine::tests`
[INFO] [stdout]     |                     |      |
[INFO] [stdout]     |                     |      no `loopbacked` in `engine::strat_engine::tests`
[INFO] [stdout]     |                     no `crypt` in `engine::strat_engine::tests`
[INFO] [stdout]     |
[INFO] [stdout]     = help: consider importing this module instead:
[INFO] [stdout]             crate::engine::strat_engine::backstore::crypt
[INFO] [stdout] 
[INFO] [stdout] 
[INFO] [stdout] error[E0432]: unresolved imports `crate::engine::strat_engine::tests::crypt`, `crate::engine::strat_engine::tests::loopbacked`, `crate::engine::strat_engine::tests::real`, `crate::engine::strat_engine::tests::FailDevice`
[INFO] [stdout]    --> src/engine/strat_engine/engine.rs:716:21
[INFO] [stdout]     |
[INFO] [stdout] 716 |             tests::{crypt, loopbacked, real, FailDevice},
[INFO] [stdout]     |                     ^^^^^  ^^^^^^^^^^  ^^^^  ^^^^^^^^^^ no `FailDevice` in `engine::strat_engine::tests`
[INFO] [stdout]     |                     |      |           |
[INFO] [stdout]     |                     |      |           no `real` in `engine::strat_engine::tests`
[INFO] [stdout]     |                     |      no `loopbacked` in `engine::strat_engine::tests`
[INFO] [stdout]     |                     no `crypt` in `engine::strat_engine::tests`
[INFO] [stdout]     |
[INFO] [stdout] note: module `crate::engine::strat_engine::backstore::crypt` exists but is inaccessible
[INFO] [stdout]    --> src/engine/strat_engine/backstore/mod.rs:10:1
[INFO] [stdout]     |
[INFO] [stdout] 10  | mod crypt;
[INFO] [stdout]     | ^^^^^^^^^^ not accessible
[INFO] [stdout] 
[INFO] [stdout] 
[INFO] [stdout] error[E0432]: unresolved imports `crate::engine::strat_engine::tests::crypt`, `crate::engine::strat_engine::tests::loopbacked`, `crate::engine::strat_engine::tests::real`
[INFO] [stdout]    --> src/engine/strat_engine/liminal/identify.rs:499:25
[INFO] [stdout]     |
[INFO] [stdout] 499 |                 tests::{crypt, loopbacked, real},
[INFO] [stdout]     |                         ^^^^^  ^^^^^^^^^^  ^^^^ no `real` in `engine::strat_engine::tests`
[INFO] [stdout]     |                         |      |
[INFO] [stdout]     |                         |      no `loopbacked` in `engine::strat_engine::tests`
[INFO] [stdout]     |                         no `crypt` in `engine::strat_engine::tests`
[INFO] [stdout]     |
[INFO] [stdout] note: module `crate::engine::strat_engine::backstore::crypt` exists but is inaccessible
[INFO] [stdout]    --> src/engine/strat_engine/backstore/mod.rs:10:1
[INFO] [stdout]     |
[INFO] [stdout] 10  | mod crypt;
[INFO] [stdout]     | ^^^^^^^^^^ not accessible
[INFO] [stdout] 
[INFO] [stdout] 
[INFO] [stdout] error[E0432]: unresolved imports `crate::engine::strat_engine::tests::loopbacked`, `crate::engine::strat_engine::tests::real`
[INFO] [stdout]     --> src/engine/strat_engine/pool.rs:1264:21
[INFO] [stdout]      |
[INFO] [stdout] 1264 |             tests::{loopbacked, real},
[INFO] [stdout]      |                     ^^^^^^^^^^  ^^^^ no `real` in `engine::strat_engine::tests`
[INFO] [stdout]      |                     |
[INFO] [stdout]      |                     no `loopbacked` in `engine::strat_engine::tests`
[INFO] [stdout] 
[INFO] [stdout] 
[INFO] [stdout] error[E0432]: unresolved imports `crate::engine::strat_engine::tests::loopbacked`, `crate::engine::strat_engine::tests::real`
[INFO] [stdout]     --> src/engine/strat_engine/thinpool/thinpool.rs:1736:21
[INFO] [stdout]      |
[INFO] [stdout] 1736 |             tests::{loopbacked, real},
[INFO] [stdout]      |                     ^^^^^^^^^^  ^^^^ no `real` in `engine::strat_engine::tests`
[INFO] [stdout]      |                     |
[INFO] [stdout]      |                     no `loopbacked` in `engine::strat_engine::tests`
[INFO] [stdout] 
[INFO] [stdout] 
[INFO] [stdout] error: aborting due to 11 previous errors
[INFO] [stdout] 
[INFO] [stdout] 
[INFO] [stdout] Some errors have detailed explanations: E0432, E0583.
[INFO] [stdout] 
[INFO] [stdout] For more information about an error, try `rustc --explain E0432`.
[INFO] [stdout] 
[INFO] [stderr] error: could not compile `stratisd` (lib test) due to 12 previous errors
[INFO] [stderr] warning: build failed, waiting for other jobs to finish...
[INFO] running `Command { std: "docker" "inspect" "92bd8a9d4e9171bfba2372e220e25b4b1c21b82ab816fb2bab2462a46b3e025d", kill_on_drop: false }`
[INFO] running `Command { std: "docker" "rm" "-f" "92bd8a9d4e9171bfba2372e220e25b4b1c21b82ab816fb2bab2462a46b3e025d", kill_on_drop: false }`
[INFO] [stdout] 92bd8a9d4e9171bfba2372e220e25b4b1c21b82ab816fb2bab2462a46b3e025d
